k(s) = -7*s + 6. Let v(z) = -5*k(z) - 6*r(z). Let a(t) = t. Let d be a(5). Let p be v(d). Determine l(p).
-3
Let t(q) = 5 + q + 0*q**2 - 4 + 3*q**2 + 2*q**3. Let u = 14 + -16. Determine t(u).
-5
Let l be ((-2)/3)/(1/6). Suppose 2*n - 2*c + c = 1, 0 = -5*c + 15. Let t(q) = q**3 + 5*q**n - 5*q**3 - 5 + q + 5*q**3. What is t(l)?
7
Let l(n) = -n**2 + 9*n - 4. Let d(b) = 10*b**2 + b - 2. Let i be d(1). Determine l(i).
-4
Let x = 16 + -11. Suppose x*f + 29 = r, -2*r = -2*f - 5*r + 2. Let p(t) = t**3 + 5*t**2 + t. Calculate p(f).
-5
Let q(b) = -7*b + 2*b + 1 + b - 5. What is q(3)?
-16
Let v be (-1)/(-1 + (-6)/(-4)). Let u = 17 - 12. Let k(q) = q**2 - q + 1. Let t(n) = -4*n**2 + 6*n - 3. Let d(i) = u*k(i) + t(i). Give d(v).
4
Suppose a = -2*i - a + 6, -a - 1 = 0. Suppose i*o + 2*v = -4, -6*v + 35 = -5*o - v. Let s(f) = -f**2 - f + 1. Give s(o).
-5
Suppose 2*h - 3 + 19 = -5*v, -4*h - 2*v = 0. Suppose 12 = h*s - 6*s. Let c(r) = -r**2 - 6*r - 2. Determine c(s).
7
Let o be ((-2 - -2)/3)/1. Let k(f) = -f**2 + f - 5. Determine k(o).
-5
Let d(h) = -3*h**2 - 2*h - 1. Let y be d(-1). Let n be 4 - (y + 4)/(-2). Let u(s) = -30 + 25 - 3*s**3 + 4*s**2 + 2*s**3 + 7*s. What is u(n)?
5
Let y = -36 + 30. Let z(b) = -b**2 - 5*b + 5. Calculate z(y).
-1
Let h(m) = -m**3 + m**2. Let f(w) = 5*w**3 - 9*w**2 - 7. Let b(r) = f(r) + 4*h(r). Suppose 4*p + k - 4*k - 20 = 0, p = 3*k + 5. Give b(p).
-7
Suppose -29*w + 33*w - 36 = 0. Let v = w - 16. Let g(a) = -a**2 - 7*a - 7. Give g(v).
-7
Let w(a) = -5*a**3 + a**2 - 9*a - 13. Let z(r) = -2*r**3 - 4*r - 6. Let n(h) = 3*w(h) - 7*z(h). Suppose -2*o = -4*o. Suppose 12 = -o*i + 4*i. Give n(i).
6
Let w(z) = 3*z + z - 1 - 5*z. Let t be (0 + 0)/(1 - 0). Suppose -5 = -s - t*s. Give w(s).
-6
Let m(r) = 2*r**2 + 3*r + 3. Suppose 3*d - 3*a + a - 34 = 0, 0 = 3*a + 6. Suppose -6*p + 2*p + d = -3*g, -2*g + 5*p = 9. What is m(g)?
5
Let z(f) = -6*f - 3 + 4*f - 3*f + 6*f. Determine z(7).
4
Let j(n) = 3*n - 5. Let o(r) = -2*r + 4. Let q(k) = -3*j(k) - 4*o(k). Give q(3).
-4
Suppose -d - t = 0, 4*t = 3*d + 5*t + 4. Let n(g) = -g**2 - g. Let z(y) = -2*y**2 - y + 1. Let h(b) = d*z(b) + 3*n(b). Calculate h(2).
0
Let n(f) be the third derivative of f**5/60 - f**4/4 + 5*f**3/6 - 6*f**2. Give n(6).
5
Suppose -4*h + 0*h - 16 = 0. Let k(b) = -b**3 + b. Let f(q) = -3*q**3 + 2*q**2 + q - 2. Let d(j) = h*k(j) + f(j). What is d(-3)?
-2
Let i(x) = -x**3 + 1. Let c be i(1). Suppose 5*v - 15 = -c*v. Let g be v/((1 - -1) + -1). Let w(n) = n**2 - 4*n + 2. What is w(g)?
-1
Let g = 23 + -28. Let i(o) = -14*o**2 - 3*o - 4. Let q(m) = m**2 + m + 1. Let n(a) = g*q(a) - i(a). Calculate n(-1).
10
Suppose s - 7 = 3. Let k(q) = 1 + 9*q + s*q - 7*q. Determine k(1).
13
Let l(m) = -m - 7. Let u be l(-3). Let f(s) = 6*s**3 - s**2 + 6*s + 3. Let c(h) = -17*h**3 + 2*h**2 - 17*h - 9. Let b(v) = u*c(v) - 11*f(v). What is b(-2)?
-5
Suppose 0 = 4*j - 3*v - 36, 5*v + 38 = 2*j + j. Let w(l) = l**3 - 6*l**2 - 3*l + 5. What is w(j)?
-13
Let g = 51 + -50. Let r(y) = -17*y. Give r(g).
-17
Let l(c) be the first derivative of c**3 + c + 16. Give l(1).
4
Suppose -n = -1 + 5. Let x(t) be the second derivative of -2*t**3/3 + 5*t**2/2 - t. Let o(s) = -5*s + 6. Let l(b) = n*x(b) + 3*o(b). Give l(2).
0
Let v(k) = -k**2 + 0*k**2 + 0*k - 5*k - 1. Suppose -4*w - 36 = 5*o, -2*w - 4*o = 19 + 5. Calculate v(w).
3
Let w(n) = n**3 - 2*n**2 - 2*n - 1. Let q be w(3). Let i(d) = -d**q + d - 2 + 3*d**3 - 4*d**3 + 1. Suppose 0 = -3*x - 7 + 1. Determine i(x).
1
Suppose -2*d = 2 - 0. Let z(s) = -14*s**3 + 2*s**2 + s. What is z(d)?
15
Let n(u) be the second derivative of -1/4*u**4 + 1/2*u**2 - 1/20*u**5 + 0 + 2/3*u**3 - 8*u. What is n(-3)?
-11
Let x(i) = i + 7. Let a be x(-5). Let m(r) = -20 + a*r**2 + 20 + r. Calculate m(1).
3
Suppose 0 = 4*a + 4*x + 8 + 4, -2*a + 5*x = -15. Let g be (3 - -1) + a/4. Let n(u) = 5 - g - 4*u + u. What is n(-1)?
4
Suppose 4*q + q + 4*y - 33 = 0, 3*q - 4*y = 7. Let j be (-13 - -28)*-4*(-1)/6. Suppose q*p + 0 = -j. Let f(u) = 4*u. Calculate f(p).
-8
Let x(w) = w**2 - 7*w. Let h be x(6). Let q(d) = d + 4. Let l(b) = 4*b + 12. Let g(m) = l(m) - q(m). Determine g(h).
-10
Let r(p) = -18 - 52 + p + 90. Give r(0).
20
Let c(u) be the first derivative of u**4/4 - u**2/2 + u - 1. Let t = -22 - -18. Let q be t + (0 - -3) - -3. Determine c(q).
7
Let c(w) = 2 + 5*w + 3*w - 3*w - 4*w. Calculate c(4).
6
Let c(u) be the third derivative of u**4/24 + u**3/2 - 27*u**2. Give c(-6).
-3
Let v(u) = -u**3 - u**2 + u + 2. Let p(h) = 7*h**3 - 4*h - 16. Let a(n) = p(n) + 6*v(n). Suppose -8 = -4*z, -y + 2 = -z - z. Determine a(y).
8
Let p(h) = h + 9. Let m be p(-7). Let l = 4 + 1. Let u(n) = l*n**m - n + 3*n**3 - n**3 - n**3. Determine u(-5).
5
Suppose 6*v - 2*v - 64 = 0. Let i = -5 + v. Let q(h) = -h + 8 - i + 2*h. Give q(5).
2
Suppose n = -5, -y - 11 - 6 = 5*n. Let i(g) = g - 1. Let h be i(y). Let x(b) = 2*b - 5*b**2 + 1 + 0*b**2 + 2 + h*b**2. Give x(-2).
7
Let x(b) = 2*b + 2. Let m(s) = -s**3 + 5*s**2 - 4*s - 5. Let d be m(4). Let j be 5/(d/(-2))*-1. Let h = 0 + j. What is x(h)?
-2
Let k(l) = -6*l**3 + 3*l - 83*l**2 + 1 - 2*l + 83*l**2. Calculate k(-1).
6
Let b be (10 + 0)*(-6)/12. Let w(g) = g**2 - 6*g + 5. Let j(z) = 2*z**2 - 7*z + 5. Let q(m) = 2*j(m) - 3*w(m). Give q(b).
0
Let z(r) = r**3 - 4*r + 3. Let k(i) = -i - 5. Let p be k(-7). What is z(p)?
3
Let w(s) = -5*s - 9. Let j(i) = -2*i - 3. Let q be 40/(-15)*3*1. Let n(b) = q*j(b) + 3*w(b). Suppose 7*c + 4*o = 4*c + 10, -8 = -5*c + 2*o. Determine n(c).
-1
Let i(k) be the second derivative of k**3/6 + k**2 + 25*k. What is i(3)?
5
Let a(o) = -10*o**2 - 36*o + 10. Let b(t) = -2*t**2 - 7*t + 2. Let y(m) = 2*a(m) - 11*b(m). Let u(p) = -p**2 - 2*p - 4 - 2*p - 2*p. Let v be u(-6). Give y(v).
10
Suppose v = 5*x - 21, 3*x - 41 + 2 = 5*v. Let a be 4/v - (-15)/9. Let k(y) = a + 4*y - 7*y + 7*y**2 + 5*y + y**2. What is k(-1)?
7
Let z(b) be the first derivative of b**4/12 + 5*b**3/6 + 5*b**2/2 - 2*b + 4. Let a(m) be the first derivative of z(m). Determine a(-5).
5
Let g(f) be the second derivative of f**7/840 + f**6/90 - f**5/40 + f**4/8 + f**3 - 4*f. Let n(a) be the second derivative of g(a). Calculate n(-5).
-7
Let r(y) = -6 - 7*y + 11*y - 3*y. Give r(7).
1
Let c(l) = -l - 2. Let s = 28 - 28. Give c(s).
-2
Let q(p) = -p - 17 + 23 - p. What is q(4)?
-2
Let l = -6 - -9. Let m be 1*(1 + -3 + l). Let p(b) = -6*b**3 - b**2. Determine p(m).
-7
Suppose -6*f + 4*f = 4. Let t be -4 + 0 + (-4 - f). Let k(d) = -d**3 - 7*d**2 - 5*d + 4. Determine k(t).
-2
Let k(t) = t**3 + t**2 + 2*t + 3. Let o(d) = 5*d - 1. Let q be o(-1). Let c = -8 - q. Let a be k(c). Let v(z) = -z**2 - 7*z - 6. Calculate v(a).
4
Let z be 10/(-3) + (-4)/6. Let v(l) = l**2 + 4*l - 2. Let h be v(z). Let q(g) = g**2 + 2*g + 3. Calculate q(h).
3
Let s(l) = -l**2 + 10*l - 4. Let t(m) = -m + 1. Let u(h) = -s(h) - 4*t(h). Calculate u(7).
7
Suppose 2*x - 4*z = -2, 0 = z - 3*z + 4. Suppose t + 0*m + 3*m + 4 = 0, 2*t = 4*m + 22. Let j(y) = 2 + y - t + 4. Determine j(x).
4
Let p(o) = 5 + 7 - o - 3. Suppose 0 = 4*i - z + 18, i + 6 = 2*i + 5*z. Let g be 3 + -6*(-2)/i. Calculate p(g).
9
Let c(w) = -4*w**2 - 2*w + 9. Let z(p) = -3*p**2 - p + 9. Let l(h) = -2*c(h) + 3*z(h). Suppose -3*o + 3 = -4*o, 2*v - o - 3 = 0. Calculate l(v).
9
Let p(i) = -136*i**3 - 1 + 9*i**2 + 4 - 4*i + 135*i**3 - 4*i**2. Suppose -2*l + 5*l - 5 = -5*w, 0 = 2*w - 2*l - 18. Determine p(w).
3
Let z(w) = -2*w**3 + 3*w**2 - w + 1. Let y = -8 - -8. Suppose y = 3*v - 0*v - 360. Let m be v/54 + (-2)/9. Determine z(m).
-5
Suppose -5*i = -2*t - 11 - 30, 9 = -3*t - 3*i. Let u(d) = d + 14. Give u(t).
6
Let n(g) = g**2 - 5*g - 3. Let m be (-105)/(-18) + (-2)/(-12). Determine n(m).
3
Let c(v) = 2*v**2 - v. Let u = -3 - -7. Suppose 4 = -3*m - u*p + 2, -4*m = 4*p. What is c(m)?
6
Let t(y) = -2*y**2 + 2. Suppose 8 = 4*l - 0. Let x be t(l). Let h(s) = s**2 + 6*s + 1. Calculate h(x).
1
Let m = -3 + 3. Suppose -c + m = 2. Let s = c - -2. Let l(q) = -q**2 - q - 4. Calculate l(s).
-4
Let l(o) = -13*o**3 + 0*o + 0*o - 1. Let t(w) = 3*w**2 - 2*w**2 + w + 0*w**2 + 1 - 2*w**2. Let v be t(2). Give l(v).
12
Suppose 15 - 17 = n. Let x(z) = 4*z**2 - z + 1. Determine x(n).
19
Let m = -14 - -15. Suppose -m = -c + 2. Let s(b) = -b**3 + b**2 + 4*b. Determine s(c).
-6
Let b(i) =